ed by 893.
651
What is the remainder when 54029 is divided by 18005?
14
What is the remainder when 11011 is divided by 147?
133
Calculate the remainder when 19472 is divided by 69.
14
Calculate the remainder when 3493 is divided by 582.
1
Calculate the remainder when 12305 is divided by 361.
31
What is the remainder when 37777 is divided by 415?
12
Calculate the remainder when 81854 is divided by 22.
14
What is the remainder when 31328 is divided by 682?
638
Calculate the remainder when 642241 is divided by 892.
1
What is the remainder when 39674 is divided by 26?
24
Calculate the remainder when 5061616 is divided by 19.
16
What is the remainder when 274157 is divided by 274139?
18
Calculate the remainder when 10133 is divided by 34.
1
What is the remainder when 12418 is divided by 90?
88
What is the remainder when 2734 is divided by 272?
14
Calculate the remainder when 1291 is divided by 857.
434
Calculate the remainder when 679586 is divided by 52.
50
Calculate the remainder when 4717 is divided by 52.
37
Calculate the remainder when 133852 is divided by 59.
40
Calculate the remainder when 27828 is divided by 230.
228
What is the remainder when 4848 is divided by 152?
136
Calculate the remainder when 9781 is divided by 2445.
1
Calculate the remainder when 99277 is divided by 68.
65
Calculate the remainder when 18969 is divided by 422.
401
Calculate the remainder when 1888 is divided by 145.
3
What is the remainder when 147143 is divided by 1268?
55
Calculate the remainder when 32892 is divided by 1264.
28
What is the remainder when 177 is divided by 165?
12
What is the remainder when 397076 is divided by 28360?
36
Calculate the remainder when 3363 is divided by 1422.
519
Calculate the remainder when 482225 is divided by 94.
5
What is the remainder when 79843 is divided by 166?
163
Calculate the remainder when 18377 is divided by 274.
19
Calculate the remainder when 178902 is divided by 89447.
8
Calculate the remainder when 209518 is divided by 120.
118
What is the remainder when 2878 is divided by 283?
48
Calculate the remainder when 2850 is divided by 515.
275
Calculate the remainder when 3735 is divided by 267.
264
Calculate the remainder when 99910 is divided by 3996.
10
Calculate the remainder when 211 is divided by 99.
13
What is the remainder when 9716 is divided by 118?
40
What is the remainder when 311454 is divided by 527?
524
Calculate the remainder when 1622 is divided by 28.
26
Calculate the remainder when 1718899 is divided by 2298.
2293
What is the remainder when 14954 is divided by 4839?
437
Calculate the remainder when 1347 is divided by 35.
17
What is the remainder when 11987 is divided by 29?
10
Calculate the remainder when 15228 is divided by 1921.
1781
What is the remainder when 1417398 is divided by 1224?
6
What is the remainder when 881 is divided by 65?
36
Calculate the remainder when 50109 is divided by 144.
141
What is the remainder when 26241 is divided by 26230?
11
Calculate the remainder when 343907 is divided by 70.
67
What is the remainder when 7055 is divided by 56?
55
What is the remainder when 11149 is divided by 10?
9
Calculate the remainder when 17827 is divided by 557.
3
What is the remainder when 12681 is divided by 453?
450
Calculate the remainder when 11666 is divided by 223.
70
What is the remainder when 17412 is divided by 14?
10
Calculate the remainder when 9627 is divided by 425.
277
Calculate the remainder when 5264 is divided by 183.
140
Calculate the remainder when 76895 is divided by 288.
287
Calculate the remainder when 43467 is divided by 4826.
33
Calculate the remainder when 4074 is divided by 118.
62
What is the remainder when 453 is divided by 408?
45
Calculate the remainder when 1682 is divided by 247.
200
Calculate the remainder when 4727 is divided by 4651.
76
Calculate the remainder when 160486 is divided by 106.
2
What is the remainder when 867225 is divided by 2492?
9
What is the remainder when 38475 is divided by 3497?
8
Calculate the remainder when 653379 is divided by 106.
101
Calculate the remainder when 12765 is divided by 6349.
67
Calculate the remainder when 5227 is divided by 430.
67
What is the remainder when 11520 is divided by 2166?
690
Calculate the remainder when 1461 is divided by 214.
177
What is the remainder when 106488 is divided by 208?
200
Calculate the remainder when 537580 is divided by 107514.
10
What is the remainder when 59604 is divided by 4960?
84
Calculate the remainder when 3142 is divided by 2656.
486
Calculate the remainder when 216679 is divided by 43331.
24
What is the remainder when 1012737 is divided by 15?
12
What is the remainder when 23432 is divided by 23377?
55
What is the remainder when 14391 is divided by 52?
39
Calculate the remainder when 7874 is divided by 190.
84
Calculate the remainder when 162852 is divided by 15.
12
What is the remainder when 13906 is divided by 145?
131
Calculate the remainder when 1561 is divided by 59.
27
What is the remainder when 181481 is divided by 14?
13
Calculate the remainder when 1142067 is divided by 517.
14
What is the remainder when 30203 is divided by 511?
54
Calculate the remainder when 629784 is divided by 376.
360
Calculate the remainder when 11599 is divided by 462.
49
What is the remainder when 13079 is divided by 215?
179
Calculate the remainder when 2861 is divided by 224.
173
What is the remainder when 5554 is divided by 5544?
10
What is the remainder when 3302 is divided by 3225?
77
Calculate the remainder when 35103 is divided by 1598.
1545
Calculate the remainder when 3210 is divided by 1426.
358
What is the remainder when 671339 is divided by 16?
11
What is the remainder when 442298 is divided by 110571?
14
Calculate the remainder when 161202 is divided by 422.
420
What is the remainder when 4885 is divided by 330?
265
What is the remainder when 404019 is divided by 233?
230
What is the remainder when 2353 is divided by 479?
437
Calculate the remainder when 8092 is divided by 2014.
36
Calculate the remainder when 874 is divided by 155.
99
Calculate the remainder when 539 is divided by 78.
71
What is the remainder when 21891 is divided by 811?
805
What is the remainder when 774 is divided by 168?
102
Calculate the remainder when 385488 is divided by 7.
5
What is the remainder when 34202 is divided by 181?
174
Calculate the remainder when 36331 is divided by 316.
307
What is the remainder when 6216 is divided by 572?
496
What is the remainder when 2591 is divided by 62?
49
What is the remainder when 18642 is divided by 1261?
988
Calculate the remainder when 3811 is divided by 1638.
535
Calculate the remainder when 10147 is divided by 1136.
1059
Calculate the remainder when 18625 is divided by 34.
27
What is the remainder when 54794 is divided by 303?
254
Calculate the remainder when 19517 is divided by 320.
317
What is the remainder when 525870 is divided by 703?
26
Calculate the remainder when 26310 is divided by 143.
141
What is the remainder when 1742 is divided by 568?
38
What is the remainder when 85914 is divided by 252?
234
Calculate the remainder when 72566 is divided by 72547.
19
What is the remainder when 171847 is divided by 11455?
22
What is the remainder when 379088 is divided by 227?
225
Calculate the remainder when 760 is divided by 666.
94
Calculate the remainder when 51736 is divided by 173.
9
What is the remainder when 527648 is divided by 58626?
14
What is the remainder when 130008 is divided by 1250?
8
What is the remainder when 57934 is divided by 34?
32
Calculate the remainder when 21136 is divided by 152.
8
What is the remainder when 341 is divided by 86?
83
Calculate the remainder when 2234 is divided by 25.
9
Calculate the remainder when 5505029 is divided by 6.
5
What is the remainder when 11894 is divided by 848?
22
What is the remainder when 505 is divided by 40?
25
Calculate the remainder when 13748 is divided by 1120.
308
Calculate the remainder when 10134 is divided by 1444.
26
Calculate the remainder when 24170 is divided by 4027.
8
What is the remainder when 885 is divided by 284?
33
Calculate the remainder when 3535 is divided by 63.
7
What is the remainder when 2328 is divided by 462?
18
Calculate the remainder when 73395 is divided by 1411.
23
What is the